{"id":25,"date":"2017-08-30T01:15:58","date_gmt":"2017-08-29T23:15:58","guid":{"rendered":"http:\/\/entropie.org\/maths-sciences\/?page_id=25"},"modified":"2020-06-12T13:23:48","modified_gmt":"2020-06-12T11:23:48","slug":"1ere-pro-mathematiques","status":"publish","type":"page","link":"https:\/\/entropie.org\/maths-sciences\/index.php\/1ere-pro-mathematiques\/","title":{"rendered":"Premi\u00e8re Pro"},"content":{"rendered":"<p><u>Programme de 2020<\/u> (applicable \u00e0 partir de la rentr\u00e9e 2020) :<\/p>\n<h4 class=\"subtitle\">Statistique et probabilit\u00e9s<\/h4>\n<ul>\n<li>Statistique \u00e0 deux variables quantitatives<\/li>\n<li>Probabilit\u00e9s<\/li>\n<\/ul>\n<h4 class=\"subtitle\">Alg\u00e8bre &#8211; Analyse<\/h4>\n<ul>\n<li>Suites num\u00e9riques<\/li>\n<li>R\u00e9solution graphique d&rsquo;\u00e9quations et d&rsquo;in\u00e9quations<\/li>\n<li>Fonctions polyn\u00f4mes de degr\u00e9 2<\/li>\n<li>Fonction d\u00e9riv\u00e9e et \u00e9tude des variations d&rsquo;une fonction<\/li>\n<li><s>Calculs commerciaux et financiers<\/s><\/li>\n<\/ul>\n<h4 class=\"subtitle\">G\u00e9om\u00e9trie<\/h4>\n<ul>\n<li>G\u00e9om\u00e9trie dans l&rsquo;espace<\/li>\n<li>Vecteurs du plan<\/li>\n<li>Trigonom\u00e9trie<\/li>\n<\/ul>\n<h4 class=\"subtitle\">Algorithmique et programmation<\/h4>\n<h4 class=\"subtitle\">Automatismes<\/h4>\n<h4 class=\"subtitle\">Vocabulaire en ensembliste et logique<\/h4>\n","protected":false},"excerpt":{"rendered":"<p>Programme de 2020 (applicable \u00e0 partir de la rentr\u00e9e 2020) : Statistique et probabilit\u00e9s Statistique \u00e0 deux variables quantitatives Probabilit\u00e9s Alg\u00e8bre &#8211; Analyse Suites num\u00e9riques R\u00e9solution graphique d&rsquo;\u00e9quations et d&rsquo;in\u00e9quations Fonctions polyn\u00f4mes de degr\u00e9 2 Fonction d\u00e9riv\u00e9e et \u00e9tude des variations d&rsquo;une fonction Calculs commerciaux et financiers G\u00e9om\u00e9trie G\u00e9om\u00e9trie dans l&rsquo;espace Vecteurs du plan Trigonom\u00e9trie &hellip; <a href=\"https:\/\/entropie.org\/maths-sciences\/index.php\/1ere-pro-mathematiques\/\" class=\"more-link\">Continuer la lecture<span class=\"screen-reader-text\"> de &laquo;&nbsp;Premi\u00e8re Pro&nbsp;&raquo;<\/span><\/a><\/p>\n","protected":false},"author":2,"featured_media":0,"parent":0,"menu_order":0,"comment_status":"closed","ping_status":"closed","template":"","meta":[],"_links":{"self":[{"href":"https:\/\/entropie.org\/maths-sciences\/index.php\/wp-json\/wp\/v2\/pages\/25"}],"collection":[{"href":"https:\/\/entropie.org\/maths-sciences\/index.php\/wp-json\/wp\/v2\/pages"}],"about":[{"href":"https:\/\/entropie.org\/maths-sciences\/index.php\/wp-json\/wp\/v2\/types\/page"}],"author":[{"embeddable":true,"href":"https:\/\/entropie.org\/maths-sciences\/index.php\/wp-json\/wp\/v2\/users\/2"}],"replies":[{"embeddable":true,"href":"https:\/\/entropie.org\/maths-sciences\/index.php\/wp-json\/wp\/v2\/comments?post=25"}],"version-history":[{"count":30,"href":"https:\/\/entropie.org\/maths-sciences\/index.php\/wp-json\/wp\/v2\/pages\/25\/revisions"}],"predecessor-version":[{"id":2879,"href":"https:\/\/entropie.org\/maths-sciences\/index.php\/wp-json\/wp\/v2\/pages\/25\/revisions\/2879"}],"wp:attachment":[{"href":"https:\/\/entropie.org\/maths-sciences\/index.php\/wp-json\/wp\/v2\/media?parent=25"}],"curies":[{"name":"wp","href":"https:\/\/api.w.org\/{rel}","templated":true}]}}