{"id":319,"date":"2018-02-20T08:39:59","date_gmt":"2018-02-20T07:39:59","guid":{"rendered":"http:\/\/entropie.org\/maths-sciences\/?page_id=319"},"modified":"2021-05-09T16:47:46","modified_gmt":"2021-05-09T14:47:46","slug":"cap-mathematiques","status":"publish","type":"page","link":"https:\/\/entropie.org\/maths-sciences\/index.php\/cap-mathematiques\/","title":{"rendered":"CAP"},"content":{"rendered":"<p><u>Programme de 2019<\/u> (applicable \u00e0 partir de la rentr\u00e9e 2019) :<br \/>\nNB : Le CAP MV fait partie du groupement 1.<\/p>\n<h4>Statistique &#8211; Probabilit\u00e9s<\/h4>\n<ul>\n<li>Statistique \u00e0 une variable<\/li>\n<li>Probabilit\u00e9s<\/li>\n<\/ul>\n<h4>Alg\u00e8bre &#8211; Analyse<\/h4>\n<ul>\n<li>R\u00e9solution d&rsquo;un probl\u00e8me relevant de la proportionnalit\u00e9<\/li>\n<li>R\u00e9solution d&rsquo;un probl\u00e8me du premier degr\u00e9<\/li>\n<li> Fonctions<\/li>\n<\/ul>\n<h4><s>Calculs commerciaux et financiers<\/s><\/h4>\n<h4>G\u00e9om\u00e9trie<\/h4>\n<h4>Calculs num\u00e9riques<\/h4>\n<h4>Algorithmique et programmation<\/h4>\n<h4>Automatismes<\/h4>\n","protected":false},"excerpt":{"rendered":"<p>Programme de 2019 (applicable \u00e0 partir de la rentr\u00e9e 2019) : NB : Le CAP MV fait partie du groupement 1. Statistique &#8211; Probabilit\u00e9s Statistique \u00e0 une variable Probabilit\u00e9s Alg\u00e8bre &#8211; Analyse R\u00e9solution d&rsquo;un probl\u00e8me relevant de la proportionnalit\u00e9 R\u00e9solution d&rsquo;un probl\u00e8me du premier degr\u00e9 Fonctions Calculs commerciaux et financiers G\u00e9om\u00e9trie Calculs num\u00e9riques Algorithmique et &hellip; <a href=\"https:\/\/entropie.org\/maths-sciences\/index.php\/cap-mathematiques\/\" class=\"more-link\">Continuer la lecture<span class=\"screen-reader-text\"> de &laquo;&nbsp;CAP&nbsp;&raquo;<\/span><\/a><\/p>\n","protected":false},"author":2,"featured_media":0,"parent":0,"menu_order":0,"comment_status":"closed","ping_status":"closed","template":"","meta":[],"_links":{"self":[{"href":"https:\/\/entropie.org\/maths-sciences\/index.php\/wp-json\/wp\/v2\/pages\/319"}],"collection":[{"href":"https:\/\/entropie.org\/maths-sciences\/index.php\/wp-json\/wp\/v2\/pages"}],"about":[{"href":"https:\/\/entropie.org\/maths-sciences\/index.php\/wp-json\/wp\/v2\/types\/page"}],"author":[{"embeddable":true,"href":"https:\/\/entropie.org\/maths-sciences\/index.php\/wp-json\/wp\/v2\/users\/2"}],"replies":[{"embeddable":true,"href":"https:\/\/entropie.org\/maths-sciences\/index.php\/wp-json\/wp\/v2\/comments?post=319"}],"version-history":[{"count":22,"href":"https:\/\/entropie.org\/maths-sciences\/index.php\/wp-json\/wp\/v2\/pages\/319\/revisions"}],"predecessor-version":[{"id":3509,"href":"https:\/\/entropie.org\/maths-sciences\/index.php\/wp-json\/wp\/v2\/pages\/319\/revisions\/3509"}],"wp:attachment":[{"href":"https:\/\/entropie.org\/maths-sciences\/index.php\/wp-json\/wp\/v2\/media?parent=319"}],"curies":[{"name":"wp","href":"https:\/\/api.w.org\/{rel}","templated":true}]}}