{"id":854,"date":"2018-02-26T00:08:49","date_gmt":"2018-02-25T23:08:49","guid":{"rendered":"http:\/\/entropie.org\/maths-sciences\/?page_id=854"},"modified":"2022-01-23T21:14:30","modified_gmt":"2022-01-23T20:14:30","slug":"ccf","status":"publish","type":"page","link":"https:\/\/entropie.org\/maths-sciences\/index.php\/ressources\/ccf\/","title":{"rendered":"CCF"},"content":{"rendered":"<p><strong>En Bac Pro (terminale) :<\/strong><br \/>\n2&#215;45 min en maths (sur 2&#215;10 points)<br \/>\n2&#215;45 min en physique-chimie (sur 2&#215;10 points)<br \/>\n<a href=\"https:\/\/cache.media.education.gouv.fr\/file\/28\/09\/7\/ensel707_annexe3_1416097.pdf\" rel=\"noopener\" target=\"_blank\">Grille nationale d&rsquo;\u00e9valuation de math\u00e9matiques et de physique-chimie au Bac Pro<\/a> (pdf)<br \/>\n<a href=\"http:\/\/disciplines.ac-toulouse.fr\/mathematiques-physique-chimie\/system\/files\/2021-09\/2022_Grille_Nationale_Evaluation_MPC_Annexe%203_BO28_15-07-2021_0.docx\" rel=\"noopener\" target=\"_blank\">Grille nationale d&rsquo;\u00e9valuation de math\u00e9matiques et de physique-chimie au Bac Pro<\/a> (Word)<\/p>\n<p><strong>En CAP (2\u00e8me ann\u00e9e) :<\/strong><br \/>\n45 min en maths (sur 12 points)<br \/>\n45 min en physique-chimie (sur 8 points)<br \/>\nPour plus d&rsquo;informations, voir le <a href=\"https:\/\/cache.media.education.gouv.fr\/file\/35\/35\/6\/ensel757_annexeII_1178356.pdf\" rel=\"noopener\" target=\"_blank\">BO n\u00b0 35 du 26-9-2019<\/a>.<br \/>\n<a href=\"https:\/\/entropie.org\/maths-sciences\/wp-content\/uploads\/2021\/06\/Grille_EvalMPC_CAP.pdf\">Grille nationale d&rsquo;\u00e9valuation en Math\u00e9matiques et Physique-Chime au CAP<\/a> (pdf)<\/p>\n","protected":false},"excerpt":{"rendered":"<p>En Bac Pro (terminale) : 2&#215;45 min en maths (sur 2&#215;10 points) 2&#215;45 min en physique-chimie (sur 2&#215;10 points) Grille nationale d&rsquo;\u00e9valuation de math\u00e9matiques et de physique-chimie au Bac Pro (pdf) Grille nationale d&rsquo;\u00e9valuation de math\u00e9matiques et de physique-chimie au Bac Pro (Word) En CAP (2\u00e8me ann\u00e9e) : 45 min en maths (sur 12 points) &hellip; <a href=\"https:\/\/entropie.org\/maths-sciences\/index.php\/ressources\/ccf\/\" class=\"more-link\">Continuer la lecture<span class=\"screen-reader-text\"> de &laquo;&nbsp;CCF&nbsp;&raquo;<\/span><\/a><\/p>\n","protected":false},"author":2,"featured_media":0,"parent":525,"menu_order":0,"comment_status":"closed","ping_status":"closed","template":"","meta":[],"_links":{"self":[{"href":"https:\/\/entropie.org\/maths-sciences\/index.php\/wp-json\/wp\/v2\/pages\/854"}],"collection":[{"href":"https:\/\/entropie.org\/maths-sciences\/index.php\/wp-json\/wp\/v2\/pages"}],"about":[{"href":"https:\/\/entropie.org\/maths-sciences\/index.php\/wp-json\/wp\/v2\/types\/page"}],"author":[{"embeddable":true,"href":"https:\/\/entropie.org\/maths-sciences\/index.php\/wp-json\/wp\/v2\/users\/2"}],"replies":[{"embeddable":true,"href":"https:\/\/entropie.org\/maths-sciences\/index.php\/wp-json\/wp\/v2\/comments?post=854"}],"version-history":[{"count":17,"href":"https:\/\/entropie.org\/maths-sciences\/index.php\/wp-json\/wp\/v2\/pages\/854\/revisions"}],"predecessor-version":[{"id":3814,"href":"https:\/\/entropie.org\/maths-sciences\/index.php\/wp-json\/wp\/v2\/pages\/854\/revisions\/3814"}],"up":[{"embeddable":true,"href":"https:\/\/entropie.org\/maths-sciences\/index.php\/wp-json\/wp\/v2\/pages\/525"}],"wp:attachment":[{"href":"https:\/\/entropie.org\/maths-sciences\/index.php\/wp-json\/wp\/v2\/media?parent=854"}],"curies":[{"name":"wp","href":"https:\/\/api.w.org\/{rel}","templated":true}]}}