{"id":23,"date":"2023-06-27T22:36:49","date_gmt":"2023-06-27T20:36:49","guid":{"rendered":"https:\/\/entropie.org\/objectifsciences\/?page_id=23"},"modified":"2025-10-10T13:38:41","modified_gmt":"2025-10-10T11:38:41","slug":"medias","status":"publish","type":"page","link":"https:\/\/entropie.org\/objectifsciences\/?page_id=23","title":{"rendered":"M\u00e9dias"},"content":{"rendered":"\n<h5 class=\"wp-block-heading\">Radios &amp; T\u00e9l\u00e9visions<\/h5>\n\n\n\n<p><a href=\"https:\/\/www.arte.tv\/fr\/videos\/sciences\/\" target=\"_blank\" rel=\"noreferrer noopener\">Les sciences sur Arte<\/a>, <a href=\"https:\/\/www.france.tv\/documentaires\/documentaires-science\/\" target=\"_blank\" rel=\"noreferrer noopener\">Les sciences sur France.tv<\/a>, <a href=\"https:\/\/www.radiofrance.fr\/sciences-savoirs\/sciences\" target=\"_blank\" rel=\"noreferrer noopener\">Les sciences sur Radio France<\/a>.<\/p>\n\n\n\n<h5 class=\"wp-block-heading\"><strong>Revues &amp; Portails<\/strong><\/h5>\n\n\n\n<p><a href=\"https:\/\/accromath.uqam.ca\" target=\"_blank\" rel=\"noreferrer noopener\">Accromath<\/a> : Revue de math\u00e9matiques, <a href=\"https:\/\/www.actuia.com\" target=\"_blank\" rel=\"noreferrer noopener\">ActuIA<\/a> : Intelligence Artificielle, <a href=\"https:\/\/air-cosmos.com\" target=\"_blank\" rel=\"noreferrer noopener\">Air&amp;Cosmos<\/a> : Actualit\u00e9 a\u00e9ronautique et spatiale, <a href=\"http:\/\/astrosurf-magazine.com\" target=\"_blank\" rel=\"noreferrer noopener\">Astrosurf Magazine<\/a> : D\u00e9di\u00e9 \u00e0 la pratique de l\u2019astronomie, <a href=\"https:\/\/www.cadrans-solaires.info\/le-magazine\/\" target=\"_blank\" rel=\"noreferrer noopener\">Cadrans solaires pour tous<\/a> : Magazine trimestriel, <a href=\"https:\/\/www.canal-u.tv\/\" target=\"_blank\" rel=\"noreferrer noopener\">Canal U<\/a> : Plateforme audiovisuelle de l\u2019enseignement sup\u00e9rieur et de la recherche au service de la science ouverte, <a href=\"https:\/\/carnetsdescience-larevue.fr\" target=\"_blank\" rel=\"noreferrer noopener\">Carnets de Science<\/a> : Mook du CNRS, <a href=\"https:\/\/www.cieletespace.fr\" target=\"_blank\" rel=\"noreferrer noopener\">Ciel et Espace<\/a> : En kiosque, <a href=\"https:\/\/www.cea.fr\/comprendre\/enseignants\/Pages\/ressources-pedagogiques\/magazines-ouvrages\/clefs-cea.aspx\" target=\"_blank\" rel=\"noreferrer noopener\">Clefs CEA<\/a> : Les voix de la recherche, <a href=\"https:\/\/cnes.fr\/fr\/page-intermediaire\/CNESMAG\" target=\"_blank\" rel=\"noreferrer noopener\">CnesMag<\/a> : Le magazine trimestriel du CNES, <a href=\"https:\/\/lejournal.cnrs.fr\" target=\"_blank\" rel=\"noreferrer noopener\">CNRS Le journal<\/a>, <a href=\"https:\/\/www.cosinus-mag.com\" target=\"_blank\" rel=\"noreferrer noopener\">Cosinus<\/a>\u00a0: Le magazine des maths et des sciences (12\/16 ans), <a href=\"https:\/\/www.palais-decouverte.fr\/decouvrir\/revue-decouverte\" target=\"_blank\" rel=\"noreferrer noopener\">D\u00e9couverte<\/a> : Revue du Palais de la d\u00e9couverte, <a href=\"https:\/\/www.electroniques.biz\/\" target=\"_blank\" rel=\"noreferrer noopener\">Electroniques.biz<\/a> : M\u00e9dia r\u00e9f\u00e9rent des d\u00e9cideurs, ing\u00e9nieurs et techniciens de l&rsquo;\u00e9lectronique, <a href=\"https:\/\/www.epsiloon.com\" target=\"_blank\" rel=\"noreferrer noopener\">Epsiloon<\/a> : En kiosque, <a href=\"https:\/\/www.espace-exploration.com\" target=\"_blank\" rel=\"noreferrer noopener\">Espace &amp; Exploration<\/a> : En kiosque, <a href=\"https:\/\/especes.org\/\" target=\"_blank\" rel=\"noreferrer noopener\">Esp\u00e8ces<\/a> : Revue d&rsquo;histoire naturelle, <a href=\"https:\/\/images.math.cnrs.fr\" target=\"_blank\" rel=\"noreferrer noopener\">Images des math\u00e9matiques<\/a> : La recherche math\u00e9matique en mots et en images (CNRS), <a href=\"https:\/\/www.inserm.fr\/magazine\/\" target=\"_blank\" rel=\"noreferrer noopener\">Inserm, le magazine<\/a>, <a href=\"https:\/\/interstices.info\" target=\"_blank\" rel=\"noreferrer noopener\">Interstices<\/a> : Explorez les sciences du num\u00e9rique (INRIA), <a href=\"https:\/\/www.lactualitechimique.org\" target=\"_blank\" rel=\"noreferrer noopener\">L\u2019actualit\u00e9 chimique<\/a> : Le journal de la soci\u00e9t\u00e9 chimique de France, <a href=\"https:\/\/meteoetclimat.fr\/presentation-de-la-revue\/\" target=\"_blank\" rel=\"noreferrer noopener\">La M\u00e9t\u00e9orologie<\/a> : Revue de l\u2019atmosph\u00e8re et du climat, <a href=\"https:\/\/www.larecherche.fr\" target=\"_blank\" rel=\"noreferrer noopener\">La Recherche<\/a> : En kiosque, <a href=\"https:\/\/www.cea.fr\/multimedia\/Pages\/editions\/revue-cea.aspx\" target=\"_blank\" rel=\"noreferrer noopener\">La revue du CEA<\/a>, <a href=\"https:\/\/www.salamandre.net\" target=\"_blank\" rel=\"noreferrer noopener\">La Salamandre<\/a> : La revue des curieux de nature, <a href=\"https:\/\/lastronomie.fr\/\" target=\"_blank\" rel=\"noreferrer noopener\">L&rsquo;Astronomie<\/a> : En kiosque, <a href=\"https:\/\/leblob.fr\" target=\"_blank\" rel=\"noreferrer noopener\">Le blob<\/a> : Une \u00e9dition de la Cit\u00e9 des sciences et de l\u2019industrie et du Palais de la d\u00e9couverte, <a href=\"https:\/\/observatoiredeparis.psl.eu\/-magazine-.html\" target=\"_blank\" rel=\"noreferrer noopener\">Le magazine de l\u2019Observatoire de Paris<\/a>, <a href=\"http:\/\/clea-astro.eu\/archives\/web\/index.php\" target=\"_blank\" rel=\"noreferrer noopener\">Les Cahiers Clairaut<\/a> : Bulletin du Comit\u00e9 de Liaison Enseignants et Astronomes, <a href=\"https:\/\/www.lowtechjournal.fr\" target=\"_blank\" rel=\"noreferrer noopener\">Low-Tech Journal<\/a> : Le mag des technologies sobres et des modes de vie r\u00e9silients, <a href=\"https:\/\/www.usine-digitale.fr\" target=\"_blank\" rel=\"noreferrer noopener\">L\u2019Usine Digitale<\/a> : Actualit\u00e9 de la transformation num\u00e9rique, <a href=\"https:\/\/www.usinenouvelle.com\" target=\"_blank\" rel=\"noreferrer noopener\">L\u2019Usine Nouvelle<\/a> : Actualit\u00e9 des technologies industrielles, <a href=\"https:\/\/www.photoniques.com\" target=\"_blank\" rel=\"noreferrer noopener\">Photoniques<\/a> : Revue de la Soci\u00e9t\u00e9 Fran\u00e7aise d\u2019Optique, <a href=\"https:\/\/www.planeterobots.com\" target=\"_blank\" rel=\"noreferrer noopener\">Plan\u00e8te Robots<\/a> : En kiosque, <a href=\"https:\/\/www.pourlascience.fr\" target=\"_blank\" rel=\"noreferrer noopener\">Pour la Science<\/a> : En kiosque, <a href=\"https:\/\/www.quadrature-mag.fr\" target=\"_blank\" rel=\"noreferrer noopener\">Quadrature<\/a> : Magazine de math\u00e9matiques pures et \u00e9pic\u00e9es, <a href=\"https:\/\/www.refletsdelaphysique.fr\" target=\"_blank\" rel=\"noreferrer noopener\">Reflets de la physique<\/a> : Revue de la communaut\u00e9 des physiciens fran\u00e7ais, <a href=\"https:\/\/www.scienceshumaines.com\" target=\"_blank\" rel=\"noreferrer noopener\">Sciences Humaines<\/a> : En kiosque, <a href=\"https:\/\/www.espace-sciences.org\/sciences-ouest\" target=\"_blank\" rel=\"noreferrer noopener\">Sciences Ouest<\/a> : Le magazine de l\u2019Espace des sciences \u00e0 Rennes, <a href=\"https:\/\/www.areion24.news\/magazine-space-international\" target=\"_blank\" rel=\"noreferrer noopener\">Space International<\/a> : Le magazine de la conqu\u00eate spatiale (orient\u00e9 g\u00e9opolitique), <a href=\"https:\/\/www.tangente-mag.com\" target=\"_blank\" rel=\"noreferrer noopener\">Tangente<\/a> : En kiosque, <a href=\"https:\/\/www.tangente-education.com\" target=\"_blank\" rel=\"noreferrer noopener\">Tangente \u00c9ducation<\/a> : Enseignement et math\u00e9matiques.<\/p>\n","protected":false},"excerpt":{"rendered":"<p>Radios &amp; T\u00e9l\u00e9visions Les sciences sur Arte, Les sciences sur France.tv, Les sciences sur Radio France. Revues &amp; Portails Accromath : Revue de math\u00e9matiques, ActuIA : Intelligence Artificielle, Air&amp;Cosmos : Actualit\u00e9 a\u00e9ronautique et spatiale, Astrosurf Magazine : D\u00e9di\u00e9 \u00e0 la pratique de l\u2019astronomie, Cadrans solaires pour tous : Magazine trimestriel, Canal U : Plateforme audiovisuelle &hellip; <a href=\"https:\/\/entropie.org\/objectifsciences\/?page_id=23\" class=\"more-link\">Continuer la lecture<span class=\"screen-reader-text\"> de &laquo;&nbsp;M\u00e9dias&nbsp;&raquo;<\/span><\/a><\/p>\n","protected":false},"author":2,"featured_media":0,"parent":0,"menu_order":0,"comment_status":"closed","ping_status":"closed","template":"","meta":{"footnotes":""},"class_list":["post-23","page","type-page","status-publish","hentry"],"_links":{"self":[{"href":"https:\/\/entropie.org\/objectifsciences\/index.php?rest_route=\/wp\/v2\/pages\/23","targetHints":{"allow":["GET"]}}],"collection":[{"href":"https:\/\/entropie.org\/objectifsciences\/index.php?rest_route=\/wp\/v2\/pages"}],"about":[{"href":"https:\/\/entropie.org\/objectifsciences\/index.php?rest_route=\/wp\/v2\/types\/page"}],"author":[{"embeddable":true,"href":"https:\/\/entropie.org\/objectifsciences\/index.php?rest_route=\/wp\/v2\/users\/2"}],"replies":[{"embeddable":true,"href":"https:\/\/entropie.org\/objectifsciences\/index.php?rest_route=%2Fwp%2Fv2%2Fcomments&post=23"}],"version-history":[{"count":25,"href":"https:\/\/entropie.org\/objectifsciences\/index.php?rest_route=\/wp\/v2\/pages\/23\/revisions"}],"predecessor-version":[{"id":674,"href":"https:\/\/entropie.org\/objectifsciences\/index.php?rest_route=\/wp\/v2\/pages\/23\/revisions\/674"}],"wp:attachment":[{"href":"https:\/\/entropie.org\/objectifsciences\/index.php?rest_route=%2Fwp%2Fv2%2Fmedia&parent=23"}],"curies":[{"name":"wp","href":"https:\/\/api.w.org\/{rel}","templated":true}]}}