{"id":25,"date":"2023-06-27T22:37:25","date_gmt":"2023-06-27T20:37:25","guid":{"rendered":"https:\/\/entropie.org\/objectifsciences\/?page_id=25"},"modified":"2025-10-10T13:46:47","modified_gmt":"2025-10-10T11:46:47","slug":"lieux-et-evenements","status":"publish","type":"page","link":"https:\/\/entropie.org\/objectifsciences\/?page_id=25","title":{"rendered":"Lieux &#038; \u00c9v\u00e9nements"},"content":{"rendered":"\n<p><a href=\"https:\/\/www.cite-espace.com\" target=\"_blank\" rel=\"noreferrer noopener\">Cit\u00e9 de l\u2019espace<\/a> : Toulouse, <a href=\"https:\/\/www.cite-sciences.fr\" target=\"_blank\" rel=\"noreferrer noopener\">Cit\u00e9 des Sciences et de l\u2019Industrie<\/a> : Paris, <a href=\"http:\/\/www.cite-telecoms.com\" target=\"_blank\" rel=\"noreferrer noopener\">Cit\u00e9 des t\u00e9l\u00e9coms<\/a> : Pleumeur-Bodou, <a href=\"https:\/\/www.espace-sciences.org\" target=\"_blank\" rel=\"noreferrer noopener\">Espace des sciences<\/a> : Rennes, <a href=\"https:\/\/www.espgg.org\" target=\"_blank\" rel=\"noreferrer noopener\">ESPGG<\/a> : Espace des Sciences Pierre-Gilles de Gennes (ESPCI Paris \/ Universit\u00e9 PSL), <a href=\"https:\/\/www.fetedelascience.fr\" target=\"_blank\" rel=\"noreferrer noopener\">F\u00eate de la science<\/a>, <a href=\"https:\/\/four-solaire.fr\" target=\"_blank\" rel=\"noreferrer noopener\">Four solaire de Mont-Louis<\/a>, <a href=\"https:\/\/www.promes.cnrs.fr\/\" target=\"_blank\" rel=\"noreferrer noopener\">Four solaire d\u2019Odeillo<\/a>, <a href=\"https:\/\/www.mhs.ox.ac.uk\" target=\"_blank\" rel=\"noreferrer noopener\">History of Science Museum<\/a> : Oxford (Angleterre), <a href=\"https:\/\/www.ihp.fr\/fr\/musee-maison-poincare\" target=\"_blank\" rel=\"noreferrer noopener\">Maison Poincar\u00e9<\/a> : Paris, <a href=\"https:\/\/musee.curie.fr\" target=\"_blank\" rel=\"noreferrer noopener\">Mus\u00e9e Curie<\/a> : Paris, <a href=\"https:\/\/www.museeairespace.fr\" target=\"_blank\" rel=\"noreferrer noopener\">Mus\u00e9e de l\u2019air et de l\u2019espace<\/a> : Paris-Le Bourget, <a href=\"https:\/\/www.arts-et-metiers.net\" target=\"_blank\" rel=\"noreferrer noopener\">Mus\u00e9e des Arts et M\u00e9tiers<\/a> : Paris, <a href=\"https:\/\/www.musee-electropolis.fr\" target=\"_blank\" rel=\"noreferrer noopener\">Mus\u00e9e Electropolis<\/a> : Mulhouse, <a href=\"https:\/\/www.museesafran.com\/\" target=\"_blank\" rel=\"noreferrer noopener\">Mus\u00e9e Safran<\/a> : R\u00e9au, <a href=\"https:\/\/www.palais-decouverte.fr\" target=\"_blank\" rel=\"noreferrer noopener\">Palais de la D\u00e9couverte<\/a> : Paris, <a href=\"https:\/\/www.pariscience.fr\" target=\"_blank\" rel=\"noreferrer noopener\">Pariscience<\/a> : Festival international du film scientifique, <a href=\"https:\/\/www.planetarium-bretagne.bzh\" target=\"_blank\" rel=\"noreferrer noopener\">Plan\u00e9tarium de Bretagne<\/a> : Pleumeur-Bodou, <a href=\"http:\/\/prixroberval.utc.fr\" target=\"_blank\" rel=\"noreferrer noopener\">Prix Roberval<\/a> : Des \u0153uvres pour comprendre la technologie, <a href=\"https:\/\/salon-math.fr\" target=\"_blank\" rel=\"noreferrer noopener\">Salon Culture et Jeux Math\u00e9matiques<\/a>, <a href=\"https:\/\/www.ledepartement66.fr\/dossier\/themis-solaire-innovation\/\" target=\"_blank\" rel=\"noreferrer noopener\">Th\u00e9mis Solaire Innovation<\/a> : Targassonne.<\/p>\n","protected":false},"excerpt":{"rendered":"<p>Cit\u00e9 de l\u2019espace : Toulouse, Cit\u00e9 des Sciences et de l\u2019Industrie : Paris, Cit\u00e9 des t\u00e9l\u00e9coms : Pleumeur-Bodou, Espace des sciences : Rennes, ESPGG : Espace des Sciences Pierre-Gilles de Gennes (ESPCI Paris \/ Universit\u00e9 PSL), F\u00eate de la science, Four solaire de Mont-Louis, Four solaire d\u2019Odeillo, History of Science Museum : Oxford (Angleterre), Maison &hellip; <a href=\"https:\/\/entropie.org\/objectifsciences\/?page_id=25\" class=\"more-link\">Continuer la lecture<span class=\"screen-reader-text\"> de &laquo;&nbsp;Lieux &#038; \u00c9v\u00e9nements&nbsp;&raquo;<\/span><\/a><\/p>\n","protected":false},"author":2,"featured_media":0,"parent":0,"menu_order":0,"comment_status":"closed","ping_status":"closed","template":"","meta":{"footnotes":""},"class_list":["post-25","page","type-page","status-publish","hentry"],"_links":{"self":[{"href":"https:\/\/entropie.org\/objectifsciences\/index.php?rest_route=\/wp\/v2\/pages\/25","targetHints":{"allow":["GET"]}}],"collection":[{"href":"https:\/\/entropie.org\/objectifsciences\/index.php?rest_route=\/wp\/v2\/pages"}],"about":[{"href":"https:\/\/entropie.org\/objectifsciences\/index.php?rest_route=\/wp\/v2\/types\/page"}],"author":[{"embeddable":true,"href":"https:\/\/entropie.org\/objectifsciences\/index.php?rest_route=\/wp\/v2\/users\/2"}],"replies":[{"embeddable":true,"href":"https:\/\/entropie.org\/objectifsciences\/index.php?rest_route=%2Fwp%2Fv2%2Fcomments&post=25"}],"version-history":[{"count":7,"href":"https:\/\/entropie.org\/objectifsciences\/index.php?rest_route=\/wp\/v2\/pages\/25\/revisions"}],"predecessor-version":[{"id":676,"href":"https:\/\/entropie.org\/objectifsciences\/index.php?rest_route=\/wp\/v2\/pages\/25\/revisions\/676"}],"wp:attachment":[{"href":"https:\/\/entropie.org\/objectifsciences\/index.php?rest_route=%2Fwp%2Fv2%2Fmedia&parent=25"}],"curies":[{"name":"wp","href":"https:\/\/api.w.org\/{rel}","templated":true}]}}